actors of l.
2, 11
List the prime factors of (-1313)/(-26) + 2/4.
3, 17
Let l(w) be the second derivative of -w**5/20 + 5*w**4/12 - 2*w**2 + 2*w. Let c be 10/(-3)*(-12)/10. What are the prime factors of l(c)?
2, 3
Suppose 0*g = 5*g - 20. Let q(p) = -p**3 + 6*p**2 - 7*p + 4. List the prime factors of q(g).
2
Let p(d) = d**3 + 8*d**2 + 6*d - 8. Let y be p(-7). What are the prime factors of (-9 + 10)*(10 - y)?
11
Suppose -4*j + 340 - 24 = 0. Let k = j - 38. List the prime factors of k.
41
Suppose 37 = 4*c + h, 5*c - 2*h = c + 46. Suppose -5*k + 65 = 2*m, 2*m + c = 4*k - 60. List the prime factors of (k/(-6))/5*-12.
2, 3
Let o(s) = -s**2 + 9*s + 4. Let h be o(5). Let j = h - 16. What are the prime factors of j?
2
Let v = 4 - 1. Let t be v/((-19)/(-16) + -1). Let c = t - 5. List the prime factors of c.
11
What are the prime factors of 0 - (10*-4 + 1)?
3, 13
Suppose -3*x + 631 = 5*m, 2*m = 5*x - 10 + 250. What are the prime factors of m?
5
Suppose -5*b + 3*d + d = -590, -2*b + d = -236. List the prime factors of b.
2, 59
Let x = 132 + -45. What are the prime factors of x?
3, 29
Let f be (-1 + -17)*9/(-27). List the prime factors of 17/f + (-5)/(-30).
3
Suppose -217 + 64 = -3*a. What are the prime factors of a?
3, 17
Let j(g) = -2*g**2 + 5*g + 1. Let r be j(5). Let z(c) = 19*c + 22. Let h be z(-3). Let t = r - h. What are the prime factors of t?
11
What are the prime factors of 4124/28 + (-4)/14?
3, 7
Let v(n) = -n**2 - 13*n - 12. Let b be v(-8). Let k = b - 6. What are the prime factors of k?
2, 11
Let r(a) = a**2 - 23*a - 7. Let g be r(18). Let u = -41 - g. List the prime factors of u.
2, 7
Let o = -271 + 408. List the prime factors of o.
137
Suppose 5*u - 609 = 826. List the prime factors of u.
7, 41
Suppose -5*r + 5*q = 2*q - 289, -5*q = 15. What are the prime factors of r?
2, 7
Let x(u) = u + 2. Let a be x(6). Let j(p) = p**2 - 9*p + 8. Let t be j(a). Suppose -3*k - 2*k + 75 = t. What are the prime factors of k?
3, 5
Let x(n) = -n**3 + 10*n**2 - 2*n + 5. Let v be x(10). Let t = 38 + v. What are the prime factors of t?
23
Suppose 4*j - 7*z + 9*z - 358 = 0, 5*z = 2*j - 197. List the prime factors of j.
7, 13
Let d(k) be the second derivative of -k**5/20 + 5*k**4/12 - 7*k**3/6 + 5*k**2/2 - 2*k. Let q be d(4). Let n = q + 15. What are the prime factors of n?
2
Let a(y) = 36*y. List the prime factors of a(3).
2, 3
Let a = -2 + 13. List the prime factors of a.
11
Let j = 2 - -27. Let y = j + -9. Suppose -u = u - y. What are the prime factors of u?
2, 5
Let h(f) = -f**2 + 1 - 1 + 1 + 3*f**3. What are the prime factors of h(2)?
3, 7
Let u(w) = w - 1. Let a be u(5). Suppose 4*r - 14 = -3*z, -5*r = -r + a*z - 16. Suppose 6*j = r*j + 36. What are the prime factors of j?
3
Let m(a) = a**3 - 5*a**2 + 2*a - 3. Let t be ((-2)/(-4))/(1/10). List the prime factors of m(t).
7
Suppose -4*s + 153 = v - 124, v = -2*s + 275. List the prime factors of v.
3, 7, 13
Let i = -9 + -13. List the prime factors of (-7)/(-28) + i/(-8).
3
Let s be ((-6)/3)/(4/20). Let p = 9 - s. List the prime factors of p.
19
Suppose 0 = 6*i + 85 + 5. List the prime factors of 1 + (3 - 3 - i).
2
What are the prime factors of 3 + (-16)/(0 + -1)?
19
Let n = 0 + -1. Let u = 4 + n. List the prime factors of u.
3
Suppose -d = z - 55, 4*z + 2*d = -d + 216. What are the prime factors of z?
3, 17
Let b(s) = -2*s + 7. Let g be b(3). Let k(t) = 13*t - 1. What are the prime factors of k(g)?
2, 3
Suppose -g - 2*g + 5*j = -180, 60 = g - 2*j. What are the prime factors of g?
2, 3, 5
Suppose -3*t + 277 = -110. List the prime factors of t.
3, 43
Let b = 1 + -1. Let f be (-63)/(-12) - (-3)/(-12). Suppose b = -5*n - 5, f*h - 3*n = -n + 77. What are the prime factors of h?
3, 5
Let a = 0 + 0. Suppose m + a*m = 3. Suppose -4*d = -4*t + 38 - 2, 2*t - 8 = -m*d. List the prime factors of t.
7
Let h = 86 - 51. Let y = -25 + h. What are the prime factors of y?
2, 5
Let w(q) = 7*q + 13. What are the prime factors of w(13)?
2, 13
Suppose 4*k = 2*k + 48. What are the prime factors of k/1*(-1 + 2)?
2, 3
Let k(u) = u**3 - 3*u**2 - 4*u - 5. Let y be k(7). Suppose -2*g = -2*c - 3*g + 68, 5*c - g = y. What are the prime factors of c?
3, 11
Suppose 4*r - r - 63 = 0. Let v = r + -15. List the prime factors of 2/v + 29/3.
2, 5
List the prime factors of (-9 - 1)/((-2)/32).
2, 5
Suppose 1402 = 12*x - 74. List the prime factors of x.
3, 41
Let k(s) = -s**2 - 12*s. List the prime factors of k(-10).
2, 5
Let y be (-10)/4*(2 - 4). Suppose 253 = 2*s - y*b, b + 493 = 4*s + 4*b. What are the prime factors of (-2)/10 - s/(-20)?
2, 3
Let v(n) = -n**2 - 10*n + 10. Let r be v(-11). Let f be (-153)/(-6) - r/2. Suppose a + 0*a - 14 = -h, 0 = 3*a - h - f. What are the prime factors of a?
2, 5
Let f(r) = -r + 1. Let o be f(3). Let v = o - 0. List the prime factors of (-11)/(1 + v - 0).
11
Let m = -156 + 243. What are the prime factors of m?
3, 29
Suppose 5*i = 5*j + 210, -2*j = -3*i + 2*j + 129. What are the prime factors of i?
3, 13
Suppose 3*b - 26 = 7. Let y = 27 - b. List the prime factors of y.
2
Suppose l - 3*i = i + 54, -2*l - 4*i + 144 = 0. What are the prime factors of l?
2, 3, 11
Let v(p) = 4*p**2 + p. Let s be v(1). Suppose 45 = s*l - 2*l. What are the prime factors of l?
3, 5
Suppose -2*v = -0*v + 140. What are the prime factors of (v/21)/((-1)/3)?
2, 5
Suppose -5*q = -5*h - 33 - 537, 5*h - 492 = -4*q. List the prime factors of q.
2, 59
Suppose -2*a = 8*a - 1530. List the prime factors of a.
3, 17
Let s = 6 + -2. Suppose s*q - q = 6. Suppose q*d + 7 = m - 2, -3*d = -5*m + 38. List the prime factors of m.
7
Let b(v) be the second derivative of v**7/840 - v**6/720 + v**4/6 + 2*v. Let c(u) be the third derivative of b(u). List the prime factors of c(1).
2
Suppose 0 = -m + q + 35, -4*m = q - 53 - 62. What are the prime factors of m?
2, 3, 5
Suppose 0 = 3*h + 14 + 46. Let r = h - -27. List the prime factors of r.
7
Suppose 0 = -0*s + 2*s - 8. Suppose -101 = 5*y - 4*z, 5*y + 18 = s*y + 3*z. Let t = y - -29. What are the prime factors of t?
2
Suppose 2*i - 5*y - 9 - 6 = 0, -9 = 3*y. Suppose -n + 2*a + 6 = i, n - a = 3 - 0. Suppose -4*c = -2*b - n*c - 4, 2*c - 8 = 0. List the prime factors of b.
2, 3
Let s(z) be the third derivative of -z**7/840 + 7*z**6/360 + z**4/12 - z**3/3 - z**2. Let w(d) be the first derivative of s(d). List the prime factors of w(7).
2
Suppose -6 + 0 = -3*q. Let r(u) = 8*u + 2 + 2*u**q - 1 - 5 + 0*u. List the prime factors of r(-6).
2, 5
Suppose -4*l = 4*w + 32, 4*w + 25 = -w - 2*l. What are the prime factors of 0 + 3 - 1 - w?
5
Let k(w) be the first derivative of w**4/12 + w**3/2 - 2*w**2 + 4*w - 1. Let o(x) be the first derivative of k(x). What are the prime factors of o(-6)?
2, 7
Let f = -2 - 4. Let d = -1 - f. Suppose -2 = -d*t + 8. What are the prime factors of t?
2
Let u(s) = s**3 + 5*s**2 - 2*s - 5. Let l be u(-5). Suppose 0 = -2*c + 23 + l. What are the prime factors of c?
2, 7
Suppose 3*r - f - 1 = r, 3*f + 5 = 5*r. Let l = r + 5. What are the prime factors of 5/(l - 24/9)?
3, 5
What are the prime factors of ((-192)/(-30) + -2)*(-5)/(-2)?
11
Let q = 9 - 6. Suppose -3*f - q*g - 3 = 0, -2 = -f - 3*f - 2*g. What are the prime factors of f?
2
Let t = 49 + -29. Suppose -4*a + v = -8, t + 0 = 4*a + 2*v. List the prime factors of a.
3
Suppose -9*t = -10*t + 45. What are the prime factors of t?
3, 5
What are the prime factors of (-650)/15*(-9)/(3/1)?
2, 5, 13
Let u be 2/(-9) - 2112/(-27). Let c = u + 3. Suppose 0 = -2*y - 4*f + 54, 0 = -4*y + 2*f - f + c. What are the prime factors of y?
3, 7
Suppose 3*j - 3 = -5*q, -4*q - 5*j - 23 = -5*q. What are the prime factors of q?
3
Suppose 5 - 3 = -2*y. Let v be y/2 + (-28)/(-8). What are the prime factors of ((-20)/6)/(v/(-9))?
2, 5
Let c = -20 - -30. Suppose j = -0*j, 3*j = -2*h - 12. What are the prime factors of (c/h + 2)*6?
2
Let g be 2 - (21 - (-1)/1). Let v = g - -38. Suppose -7*p = -8*p + v. List the prime factors of p.
2, 3
Suppose 2*f = -2*f - 2*p + 138, 5*f + 2*p = 171. What are the prime factors of f?
3, 11
Suppose -3*p + 6 = -3. Suppose 3*i - 4*v - 42 = -4, -p = -3*v. List the prime factors of i.
2, 7
Let q = 46 - 23. What are the prime factors of q?
23
Suppose 0 = -3*d - 12 - 6. Let l be 1/(2/d) + 17. Suppose -l = -n - 4*g, -2*n + 43 - 1 = g. What are the 